5?
1
What is the units digit of 37438?
8
What is the thousands digit of 11843?
1
What is the units digit of 19782?
2
What is the units digit of 8191?
1
What is the hundreds digit of 127?
1
What is the tens digit of 1997?
9
What is the hundreds digit of 2268?
2
What is the hundreds digit of 7797?
7
What is the hundreds digit of 5136?
1
What is the hundreds digit of 18329?
3
What is the hundreds digit of 27037?
0
What is the thousands digit of 1310?
1
What is the hundreds digit of 2679?
6
What is the hundreds digit of 38384?
3
What is the hundreds digit of 501?
5
What is the tens digit of 1954?
5
What is the units digit of 1591?
1
What is the thousands digit of 2971?
2
What is the hundreds digit of 4166?
1
What is the hundreds digit of 12382?
3
What is the tens digit of 2135?
3
What is the ten thousands digit of 24861?
2
What is the tens digit of 1159?
5
What is the thousands digit of 7662?
7
What is the thousands digit of 2126?
2
What is the thousands digit of 29632?
9
What is the thousands digit of 9700?
9
What is the tens digit of 20934?
3
What is the units digit of 2107?
7
What is the tens digit of 136306?
0
What is the hundreds digit of 14615?
6
What is the tens digit of 1004?
0
What is the thousands digit of 7275?
7
What is the hundreds digit of 1719?
7
What is the tens digit of 843?
4
What is the units digit of 184?
4
What is the ten thousands digit of 16989?
1
What is the units digit of 2450?
0
What is the units digit of 1687?
7
What is the thousands digit of 1650?
1
What is the units digit of 52?
2
What is the units digit of 4224?
4
What is the tens digit of 2604?
0
What is the tens digit of 118?
1
What is the units digit of 409?
9
What is the thousands digit of 1344?
1
What is the hundreds digit of 3618?
6
What is the ten thousands digit of 67218?
6
What is the hundreds digit of 1003?
0
What is the units digit of 85642?
2
What is the thousands digit of 55662?
5
What is the tens digit of 88180?
8
What is the units digit of 2336?
6
What is the hundreds digit of 10856?
8
What is the tens digit of 6195?
9
What is the units digit of 1824?
4
What is the tens digit of 5319?
1
What is the hundreds digit of 887?
8
What is the hundreds digit of 5452?
4
What is the units digit of 33439?
9
What is the ten thousands digit of 13406?
1
What is the tens digit of 204?
0
What is the thousands digit of 1330?
1
What is the ten thousands digit of 89811?
8
What is the units digit of 3574?
4
What is the units digit of 763?
3
What is the hundreds digit of 105336?
3
What is the units digit of 19549?
9
What is the units digit of 2881?
1
What is the thousands digit of 10599?
0
What is the units digit of 751?
1
What is the tens digit of 165?
6
What is the units digit of 5146?
6
What is the hundreds digit of 617?
6
What is the hundreds digit of 6985?
9
What is the hundreds digit of 55688?
6
What is the thousands digit of 59699?
9
What is the tens digit of 560?
6
What is the tens digit of 93949?
4
What is the hundreds digit of 69807?
8
What is the tens digit of 17276?
7
What is the units digit of 5832?
2
What is the hundreds digit of 529?
5
What is the units digit of 155?
5
What is the units digit of 4285?
5
What is the tens digit of 2897?
9
What is the tens digit of 9297?
9
What is the units digit of 61545?
5
What is the ten thousands digit of 38565?
3
What is the hundreds digit of 665?
6
What is the thousands digit of 15776?
5
What is the tens digit of 3306?
0
What is the hundred thousands digit of 101130?
1
What is the units digit of 8799?
9
What is the units digit of 89341?
1
What is the units digit of 3388?
8
What is the tens digit of 303?
0
What is the hundreds digit of 667?
6
What is the tens digit of 27763?
6
What is the units digit of 1582?
2
What is the hundreds digit of 27597?
5
What is the units digit of 8712?
2
What is the thousands digit of 20635?
0
What is the thousands digit of 4141?
4
What is the thousands digit of 3628?
3
What is the ten thousands digit of 11231?
1
What is the hundreds digit of 50374?
3
What is the units digit of 287?
7
What is the ten thousands digit of 22891?
2
What is the tens digit of 5079?
7
What is the tens digit of 7057?
5
What is the hundreds digit of 360?
3
What is the hundreds digit of 13300?
3
What is the tens digit of 4990?
9
What is the thousands digit of 15218?
5
What is the thousands digit of 3532?
3
What is the tens digit of 52?
5
What is the tens digit of 28367?
6
What is the hundreds digit of 974?
9
What is the units digit of 1983?
3
What is the units digit of 762?
2
What is the hundreds digit of 7011?
0
What is the tens digit of 604?
0
What is the tens digit of 8047?
4
What is the thousands digit of 16416?
6
What is the tens digit of 4305?
0
What is the tens digit of 3559?
5
What is the tens digit of 4259?
5
What is the tens digit of 2133?
3
What is the units digit of 450?
0
What is the tens digit of 666?
6
What is the units digit of 938?
8
What is the tens digit of 77856?
5
What is the thousands digit of 6454?
6
What is the tens digit of 222?
2
What is the tens digit of 4004?
0
What is the tens digit of 3829?
2
What is the hundreds digit of 3767?
7
What is the units digit of 2235?
5
What is the hundreds digit of 14433?
4
What is the hundreds digit of 134517?
5
What is the thousands digit of 1720?
1
What is the units digit of 4424?
4
What is the thousands digit of 9153?
9
What is the thousands digit of 6228?
6
What is the units digit of 1796?
6
What is the tens digit of 33832?
3
What is the units digit of 3586?
6
What is the tens digit of 315?
1
What is the units digit of 164?
4
What is the units digit of 10323?
3
What is the units digit of 379?
9
What is the hundreds digit of 48173?
1
What is the hundreds digit of 1393?
3
What is the units digit of 38261?
1
What is the hundreds digit of 36686?
6
What is the tens digit of 1458?
5
What is the units digit of 12162?
2
What is the ten thousands digit of 20105?
2
What is the tens digit of 4752?
5
What is the units digit of 1065?
5
What is the tens digit of 6270?
7
What is the ten thousands digit of 152219?
5
What is the units digit of 145?
5
What is the hundreds digit of 3619?
6
What is the hundreds digit of 1034?
0
What is the units digit of 3893?
3
What is the tens digit of 31174?
7
What is the hundreds digit of 2796?
7
What is the thousands digit of 1078?
1
What is the hundreds digit of 30042?
0
What is the thousands digit of 5966?
5
What is the thousands digit of 3617?
3
What is the hundreds digit of 24499?
4
What is the tens digit of 1304?
0
What is the units digit of 907?
7
What is the tens digit of 1163?
6
What is the tens digit of 244?
4
What is the thousands digit of 19036?
9
What is the units digit of 3428?
8
What is the hundreds digit of 5300?
3
What is the ten thousands digit of 60828?
6
What is the hundreds digit of 6056?
0
What is the tens digit of 2626?
2
What is the ten thousands digit of 57557?
5
What is the hundreds digit of 10047?
0
What is the units digit of 18385?
5
What is the thousands digit of 1128?
1
What is the units digit of 906?
6
What is the hundreds digit of 2977?
9
What is the thousands digit of 4423?
4
What is the tens digit of 60387?
8
What is the hundreds digit of 388?
3
What is the hundreds digit of 1331?
3
What is the hundreds digit of 1127?
1
What is the units digit of 8936?
6
What is the units digit of 287?
7
What is the hundreds digit of 135211?
2
What is the units digit of 1414?
4
What is the units digit of 11127?
7
What is the units digit of 214?
4
What is the hundreds digit of 3624?
6
What is the ten thousands digit of 60923?
6
What is the hundreds digit of 845?
8
What is the thousands digit of 3820?
3
What is the hundreds digit of 781?
7
What is the hundreds digit of 8768?
7
What is the hundreds digit of 38328?
3
What is the hundreds digit of 2464?
4
What is the tens digit of 797?
9
What is the thousands digit of 1542?
1
What is the thousands digit of 35623?
5
What is the units digit of 9300?
0
What is the hundreds digit of 3936?
9
What is the hundreds digit of 1316?
3
What is the units digit of 230?
0
What is the units digit of 553?
3
What is the ten thousands digit of 83577?
8
What is the units digit of 101390?
0
What is the tens digit of 3230?
3
What is the hundreds digit of 9907?
9
What is the ten thousands digit of